se -3*b = b + 180. Let a = b + 27. List the prime factors of (a/5)/(22/(-275)).
3, 5
List the prime factors of (-78380)/(-18) - (-32)/(-72).
2, 7, 311
Suppose 3*w - 27930 = -3*l, -4*w - 26079 = -5*l + 20525. List the prime factors of l.
2, 17, 137
List the prime factors of (-12)/114 - (-51712000)/760.
2, 13, 2617
Let j(y) = 1324*y**3 - 7*y**2 + 140*y - 412. List the prime factors of j(3).
7, 5099
Suppose 0 = m + 3*s - 51, -2*m + 4*m + 3*s = 111. Suppose 3*a = 3*j - m, -5*j + j = -2*a - 50. List the prime factors of (504/90)/((-2)/a).
2, 3, 7
Let f(g) = 1440*g**2 - 50*g + 156. What are the prime factors of f(3)?
2, 3, 2161
Suppose n + 3117 = -p + 5*p, -2*n + 3880 = 5*p. Let f = 1057 - p. List the prime factors of f.
3, 31
Let y(h) = 14*h. Let i be y(2). Let m(u) = u**3 - u**2 - u + 4. Let s be m(2). Suppose -s + i = k. What are the prime factors of k?
2, 11
Suppose h - 90086 = -2*z, 0 = -65*h + 62*h - 12. List the prime factors of z.
3, 5, 7, 11, 13
Suppose -6*x + 14390 + 12016 = 0. List the prime factors of x.
3, 163
Let x(s) = -6*s**3 - 14*s**2 + 34*s - 7. Let z(g) = 5*g**3 + 12*g**2 - 35*g + 6. Let d(c) = 2*x(c) + 3*z(c). List the prime factors of d(5).
2, 197
Let h be 9/(-6)*(-14)/(-3). Let c be (-1950)/(-21) - 1/h. Suppose -2*l - 3*b = l - 354, 4*b + c = l. What are the prime factors of l?
113
Suppose -l = 3*l - 12. Let w(v) = v**2 - v - 7. Let b be w(4). Suppose b*h - 5*k = 220, -7*k + 184 = 4*h - l*k. List the prime factors of h.
3, 5
Suppose -x = 5*c + 2960, -5*x + 422 = -c - 196. Let l = c - -892. List the prime factors of l.
13, 23
Let u(i) = 2*i**3 - 13*i**2 - 6*i - 7. Let t be 21/(-12)*(2 - 6). Let p be u(t). List the prime factors of (1 - (p + -4))*(-581)/(-35).
83
Let i(w) = -1 - 1 - 2 - 11*w + 10*w. Let s be i(-8). Suppose 354 = b + 4*b - f, -s*f = -5*b + 366. What are the prime factors of b?
2, 5, 7
Suppose 2759445 = 9*d + 111*d - 3*d. List the prime factors of d.
5, 53, 89
Let f = -1039 - -1015. List the prime factors of f/(-4)*3978/27.
2, 13, 17
Suppose 2*g + 15 = 2*u - 3, 0 = 4*u - 5*g - 37. Suppose -218 = -2*y - 30. Suppose -z + 0*z + y = 3*w, -2*w = u. What are the prime factors of z?
2, 53
Suppose 4*i + 14401 + 7109 = 9*i. What are the prime factors of i?
2, 3, 239
Let b be 2/5 + 645/75. Suppose b*n - 6*n = -3*n. Suppose 11*y - 858 + 33 = n. What are the prime factors of y?
3, 5
Suppose -12*z = -4*z - 31176. List the prime factors of z.
3, 433
Let c(t) be the third derivative of t**4/4 - 13*t**2. Let x be c(-12). Let g = x + 117. What are the prime factors of g?
3, 5
Let h = 38857 - 8018. List the prime factors of h.
30839
Let b = 958 + -598. Let a = b + -15. What are the prime factors of a?
3, 5, 23
Suppose 1403 = -8*d + 443. Let t = d + 145. What are the prime factors of t?
5
Let r be (-2 + 96/10)/(2/10). Let u = 46 - r. Suppose -866 = -5*p + w, 341 = 2*p + u*w - 3*w. What are the prime factors of p?
173
Suppose 70*y + 13 = -s + 74*y, -s + 17 = 2*y. What are the prime factors of (3 - (-9 - 1530)) + s?
1549
Let m = -301 + 303. Suppose -4*l - 355 = -o, 0*o = -o + m*l + 355. List the prime factors of o.
5, 71
Suppose -3*x + 2*l = 6*l - 1819, -4*l = 4*x - 2420. Suppose -j - 613 = -5*q + 3*q, x = 2*q - 5*j. Suppose -q = -5*k + 137. What are the prime factors of k?
89
Suppose 76*r - 897 = 73*r. Let b = r - -383. List the prime factors of b.
2, 11, 31
Let a(f) = f**2 + 6*f - 49. Let k(m) = -m**2 + 12*m + 17. Let g be k(14). Let y be a(g). What are the prime factors of 16/24 - (-1046)/y?
5, 7
Suppose -3*k = -l + 1084, 0 = -2*l - 2*l + 3*k + 4309. List the prime factors of l.
5, 43
Suppose -1241*t + 1322522 = -1179*t. List the prime factors of t.
83, 257
Let x = -29 - -33. Suppose 5*g + w = -326, -w = x*g + 112 + 148. What are the prime factors of (-1988)/(-44) + 12/g?
3, 5
Let a(o) = -o**3 + 21*o**2 + 27*o + 48. Let p(j) = -j**3 + 16*j**2 - 4*j + 8. Let w be p(10). Let u be w/26 + (-8)/(-52). List the prime factors of a(u).
2, 79
Suppose 20*y + 738 - 1098 = 0. Let s(a) = a**2 - 7*a + 6. Let r be s(4). Let n = y - r. List the prime factors of n.
2, 3
Let d(u) = u + 51. Suppose -4*y - 34 - 6 = 0. List the prime factors of d(y).
41
Let d(c) = 15 + 18 - 43 - 14 - 29*c. Let p = -8 - -4. What are the prime factors of d(p)?
2, 23
Suppose 3*b + 2*c - 5*c = 0, 12 = -2*b - 4*c. Let u be b + (3 + -6 - -3) + 5. Let x(w) = 4*w**2 + 2*w - 7. What are the prime factors of x(u)?
5, 7
Let u(l) = 2*l**2 + 18*l + 28. Let x be u(-7). Suppose x = 15*f - 8*f - 5614. What are the prime factors of f?
2, 401
Let q(n) be the second derivative of n**3/2 + 779*n**2/2 - 2*n - 32. What are the prime factors of q(0)?
19, 41
Let r = -29 + 50. Suppose -6*c - 15 = r. What are the prime factors of 1143/c*(-16)/24?
127
Let o = 7378 + 17923. Suppose -o + 2685 = -22*r. What are the prime factors of r?
2, 257
Let p be (-1)/(((-18)/6)/81). Suppose 24*d - p*d = -1077. What are the prime factors of d?
359
Let g be -6*(137/(-2) - 8/(-2)). Let d be 4/14 - 3868/14. Let y = d + g. What are the prime factors of y?
3, 37
Let t(a) be the first derivative of -17/2*a**2 + 8 + 2*a**3 + 1/4*a**4 + 10*a. What are the prime factors of t(-8)?
2, 3
Let g(n) = 14*n**2 - 10*n + 281. What are the prime factors of g(15)?
17, 193
Suppose 0*a = 5*a - 4*m + 602, a + 2*m + 126 = 0. Let t be 6 + ((-10)/(-20))/(2/828). Let g = a + t. What are the prime factors of g?
7, 13
Let q(d) = -3*d**3 - 9*d**2 - 18*d - 1140. List the prime factors of q(-24).
2, 3, 5, 593
Let b be (0 + -1)*(77 + -10) + -3. Let q = 3 - 5. What are the prime factors of (3 - b)*(-1 - q/1)?
73
Let l = -6185 + 12634. Suppose 19*d - l + 1224 = 0. List the prime factors of d.
5, 11
Suppose -193*u + 4014360 = 50*u. What are the prime factors of u?
2, 5, 7, 59
Suppose -477904 + 92232 = -97*f. What are the prime factors of f?
2, 7, 71
List the prime factors of 8154406/351 + 44/594.
2, 3, 11
Let q be (2 - (-12)/(-18))*40308/8. List the prime factors of q/8 - 3/(-12).
2, 3, 5, 7
Suppose 4*u = -6*v + 56185 - 23489, -4*u + 10904 = 2*v. What are the prime factors of v?
2, 3, 227
Suppose -25*k + 71 = -54. List the prime factors of 503 + 0 + (2 + 8)/k.
5, 101
Let d be 4 - (-712 + (-3 - 1)). Let r be d/27*(-3)/(-2). List the prime factors of (-10)/r + (-922)/(-8).
5, 23
Suppose 3*r - 5*y = -9*y + 60640, r - 20224 = -4*y. What are the prime factors of r?
2, 3, 421
Let n(z) = 8*z - 66. Let m be n(5). Let w(a) = -21*a - 121. What are the prime factors of w(m)?
5, 17
Suppose 222 = -7*s + 13*s. Suppose -4*i = 3*u + 2*u - 26, 5*i = -4*u + s. Suppose -i*a = -4*a - 700. What are the prime factors of a?
2, 5, 7
Let d(q) = q**3 + 50*q**2 - 48*q - 64. List the prime factors of d(-37).
3, 7, 929
Let t(v) = 656*v - 8375. What are the prime factors of t(35)?
5, 2917
Let w(j) = 964*j + 38178. What are the prime factors of w(0)?
2, 3, 7, 101
Let s(k) = -3*k**2 + 104*k - 631. Let x be s(6). Suppose -2*t + 420 = -r + 5*r, 2*t - 3*r = 455. Let q = x + t. What are the prime factors of q?
3, 5, 7
Let m(z) = 6*z - 12. Suppose 2 = t - 16. Let s be m(t). Suppose 5*w - 7*w = -s. What are the prime factors of w?
2, 3
Let j = 27965 + -16287. List the prime factors of j.
2, 5839
Let y(n) = 30*n**2 + 21*n + 338. What are the prime factors of y(42)?
2, 5, 2707
Suppose -3*k + 3*c = -69, -4*c + c + 127 = 4*k. List the prime factors of -20 + 26 + 8*k.
2, 5, 23
Suppose q = 3*p + 10 - 78, 0 = -4*q - 2*p - 216. Let n be (2 + (-27)/12)/(7/q). Suppose n*r - 69 = -0*u - u, -4*u - 109 = -3*r. List the prime factors of r.
5, 7
Let m(o) = o**2 - 25*o + 51. Let v be m(27). Let k = v - 101. Suppose -500 = -k*a - a. What are the prime factors of a?
2, 5
Suppose -85*x + 95*x = 210. List the prime factors of ((-1)/3)/(x/(-62559)).
3, 331
Suppose -2*u - 4*n = -14580, 3*u - 46*n - 21870 = -41*n. Suppose u = 13*f - 3*f. List the prime factors of f.
3
Let t = 21392 + -6356. List the prime factors of t.
2, 3, 7, 179
Let o(n) = 3*n**3 + 2*n**2 - 13*n - 10. Let q(k) = -k**3 - k**2 + k. Let z(b) = o(b) + 2*q(b). Let v be 0 + 1 + 14 + -9. What are the prime factors of z(v)?
2, 5, 7
Let g(m) = -53*m**2 - 45*m - 230. Let t be g(-5). Let v = t - -2028. What are the prime factors of v?
2, 349
Let v = -100 + 98. Let a be 24/(-16) + (-7)/v. List the prime factors of a/8 - 5757/(-76).
2, 19
Suppos